{"id":11568,"date":"2021-12-23T12:23:51","date_gmt":"2021-12-23T10:23:51","guid":{"rendered":"https:\/\/empresariosvelez.com\/directorio\/?post_type=job_listing&#038;p=11568"},"modified":"2023-03-27T13:31:46","modified_gmt":"2023-03-27T11:31:46","slug":"la-sastreria-restaurante-asador","status":"publish","type":"job_listing","link":"https:\/\/empresariosvelez.com\/directorio\/listing\/la-sastreria-restaurante-asador\/","title":{"rendered":"La Sastrer\u00eda restaurante asador"},"content":{"rendered":"<p>Comienza en el a\u00f1o 2011 despu\u00e9s de mucho tiempo, Marcos Iglesias, dedicado a los fogones y trabajando por parte de la geograf\u00eda espa\u00f1ola (Galicia, Baleares, Arag\u00f3n y Andaluc\u00eda), regresa a V\u00e9lez \u2013 M\u00e1laga y junto a su primo, Antonio Ruiz, deciden aunar fuerzas y a parte de sus lazos familiares, les uni\u00f3 uno de los mayores placeres de la vida: la comida y en el sentido m\u00e1s amplio de la palabra, La Restauraci\u00f3n.<\/p>\n<div><\/div>\n<div>Desde entonces hemos disfrutado de cada momento y seguimos con la misma ilusi\u00f3n que el primer d\u00eda, hemos intentando ser un referente en nuestra comarca, actualizando continuamente nuestro Restaurante, para no caer en la monoton\u00eda y de esta manera poder proyectar nuestra ilusi\u00f3n y el RESPETO que le tenemos a este mundo llamado hosteler\u00eda. Y como no, a nuestro peque\u00f1o trocito llamado La Sastrer\u00eda Restaurante Asador.<\/div>\n<div><\/div>\n<div>Todo lo que a continuaci\u00f3n le presentamos es fruto del trabajo y la dedicaci\u00f3n de todos estos a\u00f1os luchando por conseguir los mejores y m\u00e1s frescos alimentos que nos ofrecen nuestros proveedores de confianza.<\/div>\n<div><\/div>\n","protected":false},"featured_media":11629,"comment_status":"open","ping_status":"closed","template":"","meta":{"_promoted":"","_job_location":"Pl. de la Constituci\u00f3n, V\u00e9lez-M\u00e1laga, M\u00e1laga","_company_website":"https:\/\/lasastreriaasador.es","_company_twitter":"","_company_video":"","_featured":0,"_job_salary":"","_job_salary_currency":"","_job_salary_unit":""},"listing_regions":[51],"listing_categories":[126],"listing_amenities":[42,47,69,41],"class_list":["post-11568","job_listing","type-job_listing","status-publish","has-post-thumbnail","hentry","job_listing_region-velez-malaga","job_listing_category-hosteleria-restaurantes","job_listing_amenity-accesible","job_listing_amenity-family-friendly","job_listing_amenity-atencion-personalizada","job_listing_amenity-accepts-credit-cards"],"yoast_head":"<!-- This site is optimized with the Yoast SEO plugin v25.1 - https:\/\/yoast.com\/wordpress\/plugins\/seo\/ -->\n<title>La Sastrer\u00eda restaurante asador - Empresas asociadas a la ACEV<\/title>\n<meta name=\"robots\" content=\"index, follow, max-snippet:-1, max-image-preview:large, max-video-preview:-1\" \/>\n<link rel=\"canonical\" href=\"https:\/\/empresariosvelez.com\/directorio\/listing\/la-sastreria-restaurante-asador\/\" \/>\n<meta property=\"og:locale\" content=\"es_ES\" \/>\n<meta property=\"og:type\" content=\"article\" \/>\n<meta property=\"og:title\" content=\"La Sastrer\u00eda restaurante asador - Empresas asociadas a la ACEV\" \/>\n<meta property=\"og:description\" content=\"Comienza en el a\u00f1o 2011 despu\u00e9s de mucho tiempo, Marcos Iglesias, dedicado a los fogones y trabajando por parte de la geograf\u00eda espa\u00f1ola (Galicia, Baleares, Arag\u00f3n y Andaluc\u00eda), regresa a V\u00e9lez \u2013 M\u00e1laga y junto a su primo, Antonio Ruiz, deciden aunar fuerzas y a parte de sus lazos familiares, les uni\u00f3 uno de los [&hellip;]\" \/>\n<meta property=\"og:url\" content=\"https:\/\/empresariosvelez.com\/directorio\/listing\/la-sastreria-restaurante-asador\/\" \/>\n<meta property=\"og:site_name\" content=\"Empresas asociadas a la ACEV\" \/>\n<meta property=\"article:publisher\" content=\"https:\/\/www.facebook.com\/ACEVempresariosvelez\" \/>\n<meta property=\"article:modified_time\" content=\"2023-03-27T11:31:46+00:00\" \/>\n<meta property=\"og:image\" content=\"https:\/\/empresariosvelez.com\/directorio\/wp-content\/uploads\/2021\/12\/107096890_3182878765083953_4074587066818899751_n.jpg\" \/>\n\t<meta property=\"og:image:width\" content=\"960\" \/>\n\t<meta property=\"og:image:height\" content=\"720\" \/>\n\t<meta property=\"og:image:type\" content=\"image\/jpeg\" \/>\n<meta name=\"twitter:card\" content=\"summary_large_image\" \/>\n<meta name=\"twitter:site\" content=\"@empresariosvlz\" \/>\n<meta name=\"twitter:label1\" content=\"Tiempo de lectura\" \/>\n\t<meta name=\"twitter:data1\" content=\"1 minuto\" \/>\n<script type=\"application\/ld+json\" class=\"yoast-schema-graph\">{\"@context\":\"https:\/\/schema.org\",\"@graph\":[{\"@type\":\"WebPage\",\"@id\":\"https:\/\/empresariosvelez.com\/directorio\/listing\/la-sastreria-restaurante-asador\/\",\"url\":\"https:\/\/empresariosvelez.com\/directorio\/listing\/la-sastreria-restaurante-asador\/\",\"name\":\"La Sastrer\u00eda restaurante asador - Empresas asociadas a la ACEV\",\"isPartOf\":{\"@id\":\"https:\/\/empresariosvelez.com\/directorio\/#website\"},\"primaryImageOfPage\":{\"@id\":\"https:\/\/empresariosvelez.com\/directorio\/listing\/la-sastreria-restaurante-asador\/#primaryimage\"},\"image\":{\"@id\":\"https:\/\/empresariosvelez.com\/directorio\/listing\/la-sastreria-restaurante-asador\/#primaryimage\"},\"thumbnailUrl\":\"https:\/\/empresariosvelez.com\/directorio\/wp-content\/uploads\/2021\/12\/107096890_3182878765083953_4074587066818899751_n.jpg\",\"datePublished\":\"2021-12-23T10:23:51+00:00\",\"dateModified\":\"2023-03-27T11:31:46+00:00\",\"breadcrumb\":{\"@id\":\"https:\/\/empresariosvelez.com\/directorio\/listing\/la-sastreria-restaurante-asador\/#breadcrumb\"},\"inLanguage\":\"es\",\"potentialAction\":[{\"@type\":\"ReadAction\",\"target\":[\"https:\/\/empresariosvelez.com\/directorio\/listing\/la-sastreria-restaurante-asador\/\"]}]},{\"@type\":\"ImageObject\",\"inLanguage\":\"es\",\"@id\":\"https:\/\/empresariosvelez.com\/directorio\/listing\/la-sastreria-restaurante-asador\/#primaryimage\",\"url\":\"https:\/\/empresariosvelez.com\/directorio\/wp-content\/uploads\/2021\/12\/107096890_3182878765083953_4074587066818899751_n.jpg\",\"contentUrl\":\"https:\/\/empresariosvelez.com\/directorio\/wp-content\/uploads\/2021\/12\/107096890_3182878765083953_4074587066818899751_n.jpg\",\"width\":960,\"height\":720},{\"@type\":\"BreadcrumbList\",\"@id\":\"https:\/\/empresariosvelez.com\/directorio\/listing\/la-sastreria-restaurante-asador\/#breadcrumb\",\"itemListElement\":[{\"@type\":\"ListItem\",\"position\":1,\"name\":\"Portada\",\"item\":\"https:\/\/empresariosvelez.com\/directorio\/\"},{\"@type\":\"ListItem\",\"position\":2,\"name\":\"Listings\",\"item\":\"https:\/\/empresariosvelez.com\/directorio\/jobs\/\"},{\"@type\":\"ListItem\",\"position\":3,\"name\":\"La Sastrer\u00eda restaurante asador\"}]},{\"@type\":\"WebSite\",\"@id\":\"https:\/\/empresariosvelez.com\/directorio\/#website\",\"url\":\"https:\/\/empresariosvelez.com\/directorio\/\",\"name\":\"Empresas asociadas a la ACEV\",\"description\":\"Todo lo que necesitas, cerca de t\u00ed\",\"publisher\":{\"@id\":\"https:\/\/empresariosvelez.com\/directorio\/#organization\"},\"potentialAction\":[{\"@type\":\"SearchAction\",\"target\":{\"@type\":\"EntryPoint\",\"urlTemplate\":\"https:\/\/empresariosvelez.com\/directorio\/?s={search_term_string}\"},\"query-input\":{\"@type\":\"PropertyValueSpecification\",\"valueRequired\":true,\"valueName\":\"search_term_string\"}}],\"inLanguage\":\"es\"},{\"@type\":\"Organization\",\"@id\":\"https:\/\/empresariosvelez.com\/directorio\/#organization\",\"name\":\"Asociaci\u00f3n de Empresarios de V\u00e9lez-M\u00e1laga\",\"url\":\"https:\/\/empresariosvelez.com\/directorio\/\",\"logo\":{\"@type\":\"ImageObject\",\"inLanguage\":\"es\",\"@id\":\"https:\/\/empresariosvelez.com\/directorio\/#\/schema\/logo\/image\/\",\"url\":\"https:\/\/empresariosvelez.com\/directorio\/wp-content\/uploads\/2021\/02\/logo-acev-blanco-194.png\",\"contentUrl\":\"https:\/\/empresariosvelez.com\/directorio\/wp-content\/uploads\/2021\/02\/logo-acev-blanco-194.png\",\"width\":194,\"height\":76,\"caption\":\"Asociaci\u00f3n de Empresarios de V\u00e9lez-M\u00e1laga\"},\"image\":{\"@id\":\"https:\/\/empresariosvelez.com\/directorio\/#\/schema\/logo\/image\/\"},\"sameAs\":[\"https:\/\/www.facebook.com\/ACEVempresariosvelez\",\"https:\/\/x.com\/empresariosvlz\",\"https:\/\/www.instagram.com\/empresariosvelez\/\",\"https:\/\/www.linkedin.com\/company\/asociacion-de-empresarios-de-velez-malaga-acev\/\"]}]}<\/script>\n<!-- \/ Yoast SEO plugin. -->","yoast_head_json":{"title":"La Sastrer\u00eda restaurante asador - Empresas asociadas a la ACEV","robots":{"index":"index","follow":"follow","max-snippet":"max-snippet:-1","max-image-preview":"max-image-preview:large","max-video-preview":"max-video-preview:-1"},"canonical":"https:\/\/empresariosvelez.com\/directorio\/listing\/la-sastreria-restaurante-asador\/","og_locale":"es_ES","og_type":"article","og_title":"La Sastrer\u00eda restaurante asador - Empresas asociadas a la ACEV","og_description":"Comienza en el a\u00f1o 2011 despu\u00e9s de mucho tiempo, Marcos Iglesias, dedicado a los fogones y trabajando por parte de la geograf\u00eda espa\u00f1ola (Galicia, Baleares, Arag\u00f3n y Andaluc\u00eda), regresa a V\u00e9lez \u2013 M\u00e1laga y junto a su primo, Antonio Ruiz, deciden aunar fuerzas y a parte de sus lazos familiares, les uni\u00f3 uno de los [&hellip;]","og_url":"https:\/\/empresariosvelez.com\/directorio\/listing\/la-sastreria-restaurante-asador\/","og_site_name":"Empresas asociadas a la ACEV","article_publisher":"https:\/\/www.facebook.com\/ACEVempresariosvelez","article_modified_time":"2023-03-27T11:31:46+00:00","og_image":[{"width":960,"height":720,"url":"https:\/\/empresariosvelez.com\/directorio\/wp-content\/uploads\/2021\/12\/107096890_3182878765083953_4074587066818899751_n.jpg","type":"image\/jpeg"}],"twitter_card":"summary_large_image","twitter_site":"@empresariosvlz","twitter_misc":{"Tiempo de lectura":"1 minuto"},"schema":{"@context":"https:\/\/schema.org","@graph":[{"@type":"WebPage","@id":"https:\/\/empresariosvelez.com\/directorio\/listing\/la-sastreria-restaurante-asador\/","url":"https:\/\/empresariosvelez.com\/directorio\/listing\/la-sastreria-restaurante-asador\/","name":"La Sastrer\u00eda restaurante asador - Empresas asociadas a la ACEV","isPartOf":{"@id":"https:\/\/empresariosvelez.com\/directorio\/#website"},"primaryImageOfPage":{"@id":"https:\/\/empresariosvelez.com\/directorio\/listing\/la-sastreria-restaurante-asador\/#primaryimage"},"image":{"@id":"https:\/\/empresariosvelez.com\/directorio\/listing\/la-sastreria-restaurante-asador\/#primaryimage"},"thumbnailUrl":"https:\/\/empresariosvelez.com\/directorio\/wp-content\/uploads\/2021\/12\/107096890_3182878765083953_4074587066818899751_n.jpg","datePublished":"2021-12-23T10:23:51+00:00","dateModified":"2023-03-27T11:31:46+00:00","breadcrumb":{"@id":"https:\/\/empresariosvelez.com\/directorio\/listing\/la-sastreria-restaurante-asador\/#breadcrumb"},"inLanguage":"es","potentialAction":[{"@type":"ReadAction","target":["https:\/\/empresariosvelez.com\/directorio\/listing\/la-sastreria-restaurante-asador\/"]}]},{"@type":"ImageObject","inLanguage":"es","@id":"https:\/\/empresariosvelez.com\/directorio\/listing\/la-sastreria-restaurante-asador\/#primaryimage","url":"https:\/\/empresariosvelez.com\/directorio\/wp-content\/uploads\/2021\/12\/107096890_3182878765083953_4074587066818899751_n.jpg","contentUrl":"https:\/\/empresariosvelez.com\/directorio\/wp-content\/uploads\/2021\/12\/107096890_3182878765083953_4074587066818899751_n.jpg","width":960,"height":720},{"@type":"BreadcrumbList","@id":"https:\/\/empresariosvelez.com\/directorio\/listing\/la-sastreria-restaurante-asador\/#breadcrumb","itemListElement":[{"@type":"ListItem","position":1,"name":"Portada","item":"https:\/\/empresariosvelez.com\/directorio\/"},{"@type":"ListItem","position":2,"name":"Listings","item":"https:\/\/empresariosvelez.com\/directorio\/jobs\/"},{"@type":"ListItem","position":3,"name":"La Sastrer\u00eda restaurante asador"}]},{"@type":"WebSite","@id":"https:\/\/empresariosvelez.com\/directorio\/#website","url":"https:\/\/empresariosvelez.com\/directorio\/","name":"Empresas asociadas a la ACEV","description":"Todo lo que necesitas, cerca de t\u00ed","publisher":{"@id":"https:\/\/empresariosvelez.com\/directorio\/#organization"},"potentialAction":[{"@type":"SearchAction","target":{"@type":"EntryPoint","urlTemplate":"https:\/\/empresariosvelez.com\/directorio\/?s={search_term_string}"},"query-input":{"@type":"PropertyValueSpecification","valueRequired":true,"valueName":"search_term_string"}}],"inLanguage":"es"},{"@type":"Organization","@id":"https:\/\/empresariosvelez.com\/directorio\/#organization","name":"Asociaci\u00f3n de Empresarios de V\u00e9lez-M\u00e1laga","url":"https:\/\/empresariosvelez.com\/directorio\/","logo":{"@type":"ImageObject","inLanguage":"es","@id":"https:\/\/empresariosvelez.com\/directorio\/#\/schema\/logo\/image\/","url":"https:\/\/empresariosvelez.com\/directorio\/wp-content\/uploads\/2021\/02\/logo-acev-blanco-194.png","contentUrl":"https:\/\/empresariosvelez.com\/directorio\/wp-content\/uploads\/2021\/02\/logo-acev-blanco-194.png","width":194,"height":76,"caption":"Asociaci\u00f3n de Empresarios de V\u00e9lez-M\u00e1laga"},"image":{"@id":"https:\/\/empresariosvelez.com\/directorio\/#\/schema\/logo\/image\/"},"sameAs":["https:\/\/www.facebook.com\/ACEVempresariosvelez","https:\/\/x.com\/empresariosvlz","https:\/\/www.instagram.com\/empresariosvelez\/","https:\/\/www.linkedin.com\/company\/asociacion-de-empresarios-de-velez-malaga-acev\/"]}]}},"_links":{"self":[{"href":"https:\/\/empresariosvelez.com\/directorio\/wp-json\/wp\/v2\/job-listings\/11568","targetHints":{"allow":["GET"]}}],"collection":[{"href":"https:\/\/empresariosvelez.com\/directorio\/wp-json\/wp\/v2\/job-listings"}],"about":[{"href":"https:\/\/empresariosvelez.com\/directorio\/wp-json\/wp\/v2\/types\/job_listing"}],"replies":[{"embeddable":true,"href":"https:\/\/empresariosvelez.com\/directorio\/wp-json\/wp\/v2\/comments?post=11568"}],"wp:featuredmedia":[{"embeddable":true,"href":"https:\/\/empresariosvelez.com\/directorio\/wp-json\/wp\/v2\/media\/11629"}],"wp:attachment":[{"href":"https:\/\/empresariosvelez.com\/directorio\/wp-json\/wp\/v2\/media?parent=11568"}],"wp:term":[{"taxonomy":"job_listing_region","embeddable":true,"href":"https:\/\/empresariosvelez.com\/directorio\/wp-json\/wp\/v2\/listing_regions?post=11568"},{"taxonomy":"job_listing_category","embeddable":true,"href":"https:\/\/empresariosvelez.com\/directorio\/wp-json\/wp\/v2\/listing_categories?post=11568"},{"taxonomy":"job_listing_amenity","embeddable":true,"href":"https:\/\/empresariosvelez.com\/directorio\/wp-json\/wp\/v2\/listing_amenities?post=11568"}],"curies":[{"name":"wp","href":"https:\/\/api.w.org\/{rel}","templated":true}]}}

La Sastrería restaurante asador

<p>Comienza en el año 2011 después de mucho tiempo, Marcos Iglesias, dedicado a los fogones y trabajando por parte de la geografía española (Galicia, Baleares, Aragón y Andalucía), regresa a Vélez – Málaga y junto a su primo, Antonio Ruiz, deciden aunar fuerzas y a parte de sus lazos familiares, les unió uno de los mayores placeres de la vida: la comida y en el sentido más amplio de la palabra, La Restauración.</p>
<div></div>
<div>Desde entonces hemos disfrutado de cada momento y seguimos con la misma ilusión que el primer día, hemos intentando ser un referente en nuestra comarca, actualizando continuamente nuestro Restaurante, para no caer en la monotonía y de esta manera poder proyectar nuestra ilusión y el RESPETO que le tenemos a este mundo llamado hostelería. Y como no, a nuestro pequeño trocito llamado La Sastrería Restaurante Asador.</div>
<div></div>
<div>Todo lo que a continuación le presentamos es fruto del trabajo y la dedicación de todos estos años luchando por conseguir los mejores y más frescos alimentos que nos ofrecen nuestros proveedores de confianza.</div>
<div></div>

Pl. de la Constitución, Vélez-Málaga, Málaga

<!-- This site is optimized with the Yoast SEO plugin v25.1 - https://yoast.com/wordpress/plugins/seo/ -->
<title>La Sastrería restaurante asador - Empresas asociadas a la ACEV</title>
<meta name="robots" content="index, follow, max-snippet:-1, max-image-preview:large, max-video-preview:-1" />
<link rel="canonical" href="https://empresariosvelez.com/directorio/listing/la-sastreria-restaurante-asador/" />
<meta property="og:locale" content="es_ES" />
<meta property="og:type" content="article" />
<meta property="og:title" content="La Sastrería restaurante asador - Empresas asociadas a la ACEV" />
<meta property="og:description" content="Comienza en el año 2011 después de mucho tiempo, Marcos Iglesias, dedicado a los fogones y trabajando por parte de la geografía española (Galicia, Baleares, Aragón y Andalucía), regresa a Vélez – Málaga y junto a su primo, Antonio Ruiz, deciden aunar fuerzas y a parte de sus lazos familiares, les unió uno de los [&hellip;]" />
<meta property="og:url" content="https://empresariosvelez.com/directorio/listing/la-sastreria-restaurante-asador/" />
<meta property="og:site_name" content="Empresas asociadas a la ACEV" />
<meta property="article:publisher" content="https://www.facebook.com/ACEVempresariosvelez" />
<meta property="article:modified_time" content="2023-03-27T11:31:46+00:00" />
<meta property="og:image" content="https://empresariosvelez.com/directorio/wp-content/uploads/2021/12/107096890_3182878765083953_4074587066818899751_n.jpg" />
	<meta property="og:image:width" content="960" />
	<meta property="og:image:height" content="720" />
	<meta property="og:image:type" content="image/jpeg" />
<meta name="twitter:card" content="summary_large_image" />
<meta name="twitter:site" content="@empresariosvlz" />
<meta name="twitter:label1" content="Tiempo de lectura" />
	<meta name="twitter:data1" content="1 minuto" />
<script type="application/ld+json" class="yoast-schema-graph">{"@context":"https://schema.org","@graph":[{"@type":"WebPage","@id":"https://empresariosvelez.com/directorio/listing/la-sastreria-restaurante-asador/","url":"https://empresariosvelez.com/directorio/listing/la-sastreria-restaurante-asador/","name":"La Sastrería restaurante asador - Empresas asociadas a la ACEV","isPartOf":{"@id":"https://empresariosvelez.com/directorio/#website"},"primaryImageOfPage":{"@id":"https://empresariosvelez.com/directorio/listing/la-sastreria-restaurante-asador/#primaryimage"},"image":{"@id":"https://empresariosvelez.com/directorio/listing/la-sastreria-restaurante-asador/#primaryimage"},"thumbnailUrl":"https://empresariosvelez.com/directorio/wp-content/uploads/2021/12/107096890_3182878765083953_4074587066818899751_n.jpg","datePublished":"2021-12-23T10:23:51+00:00","dateModified":"2023-03-27T11:31:46+00:00","breadcrumb":{"@id":"https://empresariosvelez.com/directorio/listing/la-sastreria-restaurante-asador/#breadcrumb"},"inLanguage":"es","potentialAction":[{"@type":"ReadAction","target":["https://empresariosvelez.com/directorio/listing/la-sastreria-restaurante-asador/"]}]},{"@type":"ImageObject","inLanguage":"es","@id":"https://empresariosvelez.com/directorio/listing/la-sastreria-restaurante-asador/#primaryimage","url":"https://empresariosvelez.com/directorio/wp-content/uploads/2021/12/107096890_3182878765083953_4074587066818899751_n.jpg","contentUrl":"https://empresariosvelez.com/directorio/wp-content/uploads/2021/12/107096890_3182878765083953_4074587066818899751_n.jpg","width":960,"height":720},{"@type":"BreadcrumbList","@id":"https://empresariosvelez.com/directorio/listing/la-sastreria-restaurante-asador/#breadcrumb","itemListElement":[{"@type":"ListItem","position":1,"name":"Portada","item":"https://empresariosvelez.com/directorio/"},{"@type":"ListItem","position":2,"name":"Listings","item":"https://empresariosvelez.com/directorio/jobs/"},{"@type":"ListItem","position":3,"name":"La Sastrería restaurante asador"}]},{"@type":"WebSite","@id":"https://empresariosvelez.com/directorio/#website","url":"https://empresariosvelez.com/directorio/","name":"Empresas asociadas a la ACEV","description":"Todo lo que necesitas, cerca de tí","publisher":{"@id":"https://empresariosvelez.com/directorio/#organization"},"potentialAction":[{"@type":"SearchAction","target":{"@type":"EntryPoint","urlTemplate":"https://empresariosvelez.com/directorio/?s={search_term_string}"},"query-input":{"@type":"PropertyValueSpecification","valueRequired":true,"valueName":"search_term_string"}}],"inLanguage":"es"},{"@type":"Organization","@id":"https://empresariosvelez.com/directorio/#organization","name":"Asociación de Empresarios de Vélez-Málaga","url":"https://empresariosvelez.com/directorio/","logo":{"@type":"ImageObject","inLanguage":"es","@id":"https://empresariosvelez.com/directorio/#/schema/logo/image/","url":"https://empresariosvelez.com/directorio/wp-content/uploads/2021/02/logo-acev-blanco-194.png","contentUrl":"https://empresariosvelez.com/directorio/wp-content/uploads/2021/02/logo-acev-blanco-194.png","width":194,"height":76,"caption":"Asociación de Empresarios de Vélez-Málaga"},"image":{"@id":"https://empresariosvelez.com/directorio/#/schema/logo/image/"},"sameAs":["https://www.facebook.com/ACEVempresariosvelez","https://x.com/empresariosvlz","https://www.instagram.com/empresariosvelez/","https://www.linkedin.com/company/asociacion-de-empresarios-de-velez-malaga-acev/"]}]}</script>
<!-- / Yoast SEO plugin. -->

La Sastrería restaurante asador - Empresas asociadas a la ACEV

Comienza en el año 2011 después de mucho tiempo, Marcos Iglesias, dedicado a los fogones y trabajando por parte de la geografía española (Galicia, Baleares, Aragón y Andalucía), regresa a Vélez – Málaga y junto a su primo, Antonio Ruiz, deciden aunar fuerzas y a parte de sus lazos familiares, les unió uno de los [&hellip;]

Todo lo que necesitas, cerca de tí

Asociación de Empresarios de Vélez-Málaga
